{"id":18,"date":"2020-02-01T18:57:44","date_gmt":"2020-02-01T18:57:44","guid":{"rendered":"https:\/\/halosmart.edu.vn\/online\/?page_id=18"},"modified":"2021-03-18T18:15:11","modified_gmt":"2021-03-18T11:15:11","slug":"home","status":"publish","type":"page","link":"https:\/\/halosmart.edu.vn\/online\/","title":{"rendered":"Home"},"content":{"rendered":"\t\t<div data-elementor-type=\"wp-page\" data-elementor-id=\"18\" class=\"elementor elementor-18\" data-elementor-settings=\"[]\">\n\t\t\t\t\t\t\t<div class=\"elementor-section-wrap\">\n\t\t\t\t\t\t\t<section class=\"elementor-section elementor-top-section elementor-element elementor-element-a6b95f5 elementor-section-height-min-height elementor-section-items-stretch elementor-section-content-middle elementor-reverse-tablet elementor-reverse-mobile elementor-section-boxed elementor-section-height-default\" data-id=\"a6b95f5\" data-element_type=\"section\" data-settings=\"{&quot;background_background&quot;:&quot;classic&quot;}\">\n\t\t\t\t\t\t\t<div class=\"elementor-background-overlay\"><\/div>\n\t\t\t\t\t\t\t<div class=\"elementor-container elementor-column-gap-no\">\n\t\t\t\t\t<div class=\"elementor-column elementor-col-100 elementor-top-column elementor-element elementor-element-258a7cd\" data-id=\"258a7cd\" data-element_type=\"column\">\n\t\t\t<div class=\"elementor-widget-wrap elementor-element-populated\">\n\t\t\t\t\t\t\t\t<div class=\"elementor-element elementor-element-87ee8a9 elementor-widget elementor-widget-heading\" data-id=\"87ee8a9\" data-element_type=\"widget\" data-widget_type=\"heading.default\">\n\t\t\t\t<div class=\"elementor-widget-container\">\n\t\t\t<h1 class=\"elementor-heading-title elementor-size-default\">KI\u1ec2M TRA TR\u00ccNH \u0110\u1ed8 MI\u1ec4N PH\u00cd<\/h1>\t\t<\/div>\n\t\t\t\t<\/div>\n\t\t\t\t<div class=\"elementor-element elementor-element-42a937c elementor-widget elementor-widget-text-editor\" data-id=\"42a937c\" data-element_type=\"widget\" data-widget_type=\"text-editor.default\">\n\t\t\t\t<div class=\"elementor-widget-container\">\n\t\t\t\t\t<div class=\"elementor-text-editor elementor-clearfix\"><p>C\u00f3 k\u1ebft qu\u1ea3 ngay sau khi ho\u00e0n th\u00e0nh b\u00e0i \u0111\u00e1nh gi\u00e1 n\u0103ng l\u1ef1c.<\/p><\/div>\n\t\t\t\t<\/div>\n\t\t\t\t<\/div>\n\t\t\t\t<div class=\"elementor-element elementor-element-f8d1dec elementor-widget__width-auto elementor-widget elementor-widget-button\" data-id=\"f8d1dec\" data-element_type=\"widget\" data-widget_type=\"button.default\">\n\t\t\t\t<div class=\"elementor-widget-container\">\n\t\t\t\t\t<div class=\"elementor-button-wrapper\">\n\t\t\t<a href=\"https:\/\/halosmart.edu.vn\/online\/login\/\" class=\"elementor-button-link elementor-button elementor-size-sm\" role=\"button\">\n\t\t\t\t\t\t<span class=\"elementor-button-content-wrapper\">\n\t\t\t\t\t\t<span class=\"elementor-button-text\">L\u00c0M B\u00c0I NGAY<\/span>\n\t\t<\/span>\n\t\t\t\t\t<\/a>\n\t\t<\/div>\n\t\t\t\t<\/div>\n\t\t\t\t<\/div>\n\t\t\t\t\t<\/div>\n\t\t<\/div>\n\t\t\t\t\t\t\t<\/div>\n\t\t<\/section>\n\t\t\t\t<section class=\"elementor-section elementor-top-section elementor-element elementor-element-d43a751 elementor-section-boxed elementor-section-height-default elementor-section-height-default\" data-id=\"d43a751\" data-element_type=\"section\">\n\t\t\t\t\t\t<div class=\"elementor-container elementor-column-gap-no\">\n\t\t\t\t\t<div class=\"elementor-column elementor-col-100 elementor-top-column elementor-element elementor-element-8076ffc\" data-id=\"8076ffc\" data-element_type=\"column\">\n\t\t\t<div class=\"elementor-widget-wrap elementor-element-populated\">\n\t\t\t\t\t\t\t\t<section class=\"elementor-section elementor-inner-section elementor-element elementor-element-379b8e9 elementor-section-boxed elementor-section-height-default elementor-section-height-default\" data-id=\"379b8e9\" data-element_type=\"section\">\n\t\t\t\t\t\t<div class=\"elementor-container elementor-column-gap-no\">\n\t\t\t\t\t<div class=\"elementor-column elementor-col-100 elementor-inner-column elementor-element elementor-element-3872822\" data-id=\"3872822\" data-element_type=\"column\">\n\t\t\t<div class=\"elementor-widget-wrap\">\n\t\t\t\t\t\t\t\t\t<\/div>\n\t\t<\/div>\n\t\t\t\t\t\t\t<\/div>\n\t\t<\/section>\n\t\t\t\t<div class=\"elementor-element elementor-element-d7993fe elementor-widget elementor-widget-shortcode\" data-id=\"d7993fe\" data-element_type=\"widget\" data-widget_type=\"shortcode.default\">\n\t\t\t\t<div class=\"elementor-widget-container\">\n\t\t\t\t\t<div class=\"elementor-shortcode\"><div id=\"ld_course_list\"><div id=\"ld-course-list-content-81c54751606643b958cabc0d89c686a7\" class=\"ld-course-list-content\" data-shortcode-atts=\"{&quot;include_outer_wrapper&quot;:&quot;true&quot;,&quot;num&quot;:20,&quot;paged&quot;:1,&quot;post_type&quot;:&quot;sfwd-courses&quot;,&quot;post_status&quot;:&quot;publish&quot;,&quot;order&quot;:&quot;asc&quot;,&quot;orderby&quot;:&quot;ID&quot;,&quot;user_id&quot;:false,&quot;mycourses&quot;:null,&quot;mygroups&quot;:null,&quot;status&quot;:null,&quot;post__in&quot;:null,&quot;course_id&quot;:&quot;&quot;,&quot;meta_key&quot;:&quot;&quot;,&quot;meta_value&quot;:&quot;&quot;,&quot;meta_compare&quot;:&quot;&quot;,&quot;tag&quot;:&quot;&quot;,&quot;tag_id&quot;:0,&quot;tag__and&quot;:&quot;&quot;,&quot;tag__in&quot;:&quot;&quot;,&quot;tag__not_in&quot;:&quot;&quot;,&quot;tag_slug__and&quot;:&quot;&quot;,&quot;tag_slug__in&quot;:&quot;&quot;,&quot;cat&quot;:&quot;&quot;,&quot;category_name&quot;:0,&quot;category__and&quot;:&quot;&quot;,&quot;category__in&quot;:&quot;&quot;,&quot;category__not_in&quot;:&quot;&quot;,&quot;tax_compare&quot;:&quot;AND&quot;,&quot;categoryselector&quot;:&quot;true&quot;,&quot;show_thumbnail&quot;:&quot;true&quot;,&quot;show_content&quot;:&quot;true&quot;,&quot;author__in&quot;:&quot;&quot;,&quot;col&quot;:&quot;3&quot;,&quot;progress_bar&quot;:&quot;true&quot;,&quot;array&quot;:false,&quot;course_grid&quot;:&quot;true&quot;,&quot;thumb_size&quot;:&quot;course-thumb&quot;,&quot;course_categoryselector&quot;:&quot;&quot;,&quot;course_cat&quot;:&quot;&quot;,&quot;course_category_name&quot;:&quot;&quot;,&quot;course_category__and&quot;:&quot;&quot;,&quot;course_category__in&quot;:&quot;&quot;,&quot;course_category__not_in&quot;:&quot;&quot;,&quot;course_tag&quot;:&quot;&quot;,&quot;course_tag_id&quot;:&quot;&quot;,&quot;course_tag__and&quot;:&quot;&quot;,&quot;course_tag__in&quot;:&quot;&quot;,&quot;course_tag__not_in&quot;:&quot;&quot;,&quot;course_tag_slug__and&quot;:&quot;&quot;,&quot;course_tag_slug__in&quot;:&quot;&quot;,&quot;course_status&quot;:null}\">\n\t\t\t<div class=\"ld-course-list-items row\">\n\t<div class=\"ld_course_grid col-sm-8 col-md-4 \">\n\t<article id=\"post-918\" class=\" learndash-available thumbnail course post-918 sfwd-courses type-sfwd-courses status-publish has-post-thumbnail hentry ld_course_category-placement-test\">\n\t\t\t\t\t\n\t\t\t\t\t\t<a href=\"https:\/\/halosmart.edu.vn\/online\/courses\/placement-test-for-general-english\/\" rel=\"bookmark\">\n\t\t\t\t<img loading=\"lazy\" decoding=\"async\" width=\"400\" height=\"267\" src=\"https:\/\/halosmart.edu.vn\/online\/wp-content\/uploads\/2021\/03\/girl-young-student-3718526-400x267.jpg\" class=\"attachment-course-thumb size-course-thumb wp-post-image\" alt=\"girl, young, student\" srcset=\"https:\/\/halosmart.edu.vn\/online\/wp-content\/uploads\/2021\/03\/girl-young-student-3718526-400x267.jpg 400w, https:\/\/halosmart.edu.vn\/online\/wp-content\/uploads\/2021\/03\/girl-young-student-3718526-300x200.jpg 300w, https:\/\/halosmart.edu.vn\/online\/wp-content\/uploads\/2021\/03\/girl-young-student-3718526-1024x682.jpg 1024w, https:\/\/halosmart.edu.vn\/online\/wp-content\/uploads\/2021\/03\/girl-young-student-3718526-768x512.jpg 768w, https:\/\/halosmart.edu.vn\/online\/wp-content\/uploads\/2021\/03\/girl-young-student-3718526.jpg 1280w\" sizes=\"auto, (max-width: 400px) 100vw, 400px\" \/>\t\t\t<\/a>\n\t\t\t\t\t\n\t\t\t\t\t<div class=\"caption\">\n\t\t\t\t<h3 class=\"entry-title\">Placement Test for General English<\/h3>\n\t\t\t\t\t\t\t\t<p class=\"ld_course_grid_button\"><a class=\"btn btn-primary\" role=\"button\" href=\"https:\/\/halosmart.edu.vn\/online\/courses\/placement-test-for-general-english\/\" rel=\"bookmark\">See more...<\/a><\/p>\n\t\t\t\t\t\t\t\t\t\t\t\t\t\t\t<p>\n<dd class=\"course_progress\" title='\n0 out of 1 steps completed'>\n\t<div class=\"course_progress_blue\" style='width: 0%;'>\n<\/dd>\n<\/p>\n\t\t\t\t\t\t\t\t\t\t\t\t<\/div><!-- .entry-header -->\n\t\t\t<\/article><!-- #post-## -->\n<\/div><!-- .ld_course_grid -->\n<div class=\"ld_course_grid col-sm-8 col-md-4 \">\n\t<article id=\"post-1200\" class=\" learndash-not-available learndash-incomplete thumbnail course post-1200 sfwd-courses type-sfwd-courses status-publish has-post-thumbnail hentry ld_course_category-placement-test\">\n\t\t\t\t\t\t\t\t<div class=\"ld_course_grid_price free\">\n\t\t\t\tFree\t\t\t<\/div>\n\t\t\t\n\t\t\t\t\t\t<a href=\"https:\/\/halosmart.edu.vn\/online\/courses\/placement-test-for-kids-7-8-years-old\/\" rel=\"bookmark\">\n\t\t\t\t<img loading=\"lazy\" decoding=\"async\" width=\"400\" height=\"267\" src=\"https:\/\/halosmart.edu.vn\/online\/wp-content\/uploads\/2021\/03\/child-kid-play-865116-400x267.jpg\" class=\"attachment-course-thumb size-course-thumb wp-post-image\" alt=\"child, kid, play\" srcset=\"https:\/\/halosmart.edu.vn\/online\/wp-content\/uploads\/2021\/03\/child-kid-play-865116-400x267.jpg 400w, https:\/\/halosmart.edu.vn\/online\/wp-content\/uploads\/2021\/03\/child-kid-play-865116-300x200.jpg 300w, https:\/\/halosmart.edu.vn\/online\/wp-content\/uploads\/2021\/03\/child-kid-play-865116-1024x682.jpg 1024w, https:\/\/halosmart.edu.vn\/online\/wp-content\/uploads\/2021\/03\/child-kid-play-865116-768x512.jpg 768w, https:\/\/halosmart.edu.vn\/online\/wp-content\/uploads\/2021\/03\/child-kid-play-865116.jpg 1280w\" sizes=\"auto, (max-width: 400px) 100vw, 400px\" \/>\t\t\t<\/a>\n\t\t\t\t\t\n\t\t\t\t\t<div class=\"caption\">\n\t\t\t\t<h3 class=\"entry-title\">Placement Test for Kids (7-8 years old)<\/h3>\n\t\t\t\t\t\t\t\t<p class=\"ld_course_grid_button\"><a class=\"btn btn-primary\" role=\"button\" href=\"https:\/\/halosmart.edu.vn\/online\/courses\/placement-test-for-kids-7-8-years-old\/\" rel=\"bookmark\">See more...<\/a><\/p>\n\t\t\t\t\t\t\t\t\t\t\t\t\t\t\t<p>\n<dd class=\"course_progress\" title='\n0 out of 1 steps completed'>\n\t<div class=\"course_progress_blue\" style='width: 0%;'>\n<\/dd>\n<\/p>\n\t\t\t\t\t\t\t\t\t\t\t\t<\/div><!-- .entry-header -->\n\t\t\t<\/article><!-- #post-## -->\n<\/div><!-- .ld_course_grid -->\n<div class=\"ld_course_grid col-sm-8 col-md-4 \">\n\t<article id=\"post-1313\" class=\" learndash-not-available learndash-incomplete thumbnail course post-1313 sfwd-courses type-sfwd-courses status-publish has-post-thumbnail hentry ld_course_category-placement-test\">\n\t\t\t\t\t\t\t\t<div class=\"ld_course_grid_price free\">\n\t\t\t\tFree\t\t\t<\/div>\n\t\t\t\n\t\t\t\t\t\t<a href=\"https:\/\/halosmart.edu.vn\/online\/courses\/placement-test-for-primary-9-12-years-old\/\" rel=\"bookmark\">\n\t\t\t\t<img loading=\"lazy\" decoding=\"async\" width=\"400\" height=\"267\" src=\"https:\/\/halosmart.edu.vn\/online\/wp-content\/uploads\/2021\/03\/computer-pc-workplace-1185626-400x267.jpg\" class=\"attachment-course-thumb size-course-thumb wp-post-image\" alt=\"computer, pc, workplace\" srcset=\"https:\/\/halosmart.edu.vn\/online\/wp-content\/uploads\/2021\/03\/computer-pc-workplace-1185626-400x267.jpg 400w, https:\/\/halosmart.edu.vn\/online\/wp-content\/uploads\/2021\/03\/computer-pc-workplace-1185626-300x200.jpg 300w, https:\/\/halosmart.edu.vn\/online\/wp-content\/uploads\/2021\/03\/computer-pc-workplace-1185626-1024x682.jpg 1024w, https:\/\/halosmart.edu.vn\/online\/wp-content\/uploads\/2021\/03\/computer-pc-workplace-1185626-768x512.jpg 768w, https:\/\/halosmart.edu.vn\/online\/wp-content\/uploads\/2021\/03\/computer-pc-workplace-1185626.jpg 1280w\" sizes=\"auto, (max-width: 400px) 100vw, 400px\" \/>\t\t\t<\/a>\n\t\t\t\t\t\n\t\t\t\t\t<div class=\"caption\">\n\t\t\t\t<h3 class=\"entry-title\">Placement Test for Primary (9 &#8211; 12 years old)<\/h3>\n\t\t\t\t\t\t\t\t<p class=\"ld_course_grid_button\"><a class=\"btn btn-primary\" role=\"button\" href=\"https:\/\/halosmart.edu.vn\/online\/courses\/placement-test-for-primary-9-12-years-old\/\" rel=\"bookmark\">See more...<\/a><\/p>\n\t\t\t\t\t\t\t\t\t\t\t\t\t\t\t<p>\n<dd class=\"course_progress\" title='\n0 out of 1 steps completed'>\n\t<div class=\"course_progress_blue\" style='width: 0%;'>\n<\/dd>\n<\/p>\n\t\t\t\t\t\t\t\t\t\t\t\t<\/div><!-- .entry-header -->\n\t\t\t<\/article><!-- #post-## -->\n<\/div><!-- .ld_course_grid -->\n<div class=\"ld_course_grid col-sm-8 col-md-4 \">\n\t<article id=\"post-1506\" class=\" learndash-available thumbnail course post-1506 sfwd-courses type-sfwd-courses status-publish has-post-thumbnail hentry ld_course_category-placement-test\">\n\t\t\t\t\t\n\t\t\t\t\t\t<a href=\"https:\/\/halosmart.edu.vn\/online\/courses\/placement-test-for-kindy-4-6-years-old\/\" rel=\"bookmark\">\n\t\t\t\t<img loading=\"lazy\" decoding=\"async\" width=\"400\" height=\"264\" src=\"https:\/\/halosmart.edu.vn\/online\/wp-content\/uploads\/2021\/03\/crayons-coloring-book-coloring-1445053-400x264.jpg\" class=\"attachment-course-thumb size-course-thumb wp-post-image\" alt=\"crayons, coloring book, coloring\" srcset=\"https:\/\/halosmart.edu.vn\/online\/wp-content\/uploads\/2021\/03\/crayons-coloring-book-coloring-1445053-400x264.jpg 400w, https:\/\/halosmart.edu.vn\/online\/wp-content\/uploads\/2021\/03\/crayons-coloring-book-coloring-1445053-300x198.jpg 300w, https:\/\/halosmart.edu.vn\/online\/wp-content\/uploads\/2021\/03\/crayons-coloring-book-coloring-1445053-1024x677.jpg 1024w, https:\/\/halosmart.edu.vn\/online\/wp-content\/uploads\/2021\/03\/crayons-coloring-book-coloring-1445053-768x508.jpg 768w, https:\/\/halosmart.edu.vn\/online\/wp-content\/uploads\/2021\/03\/crayons-coloring-book-coloring-1445053.jpg 1280w\" sizes=\"auto, (max-width: 400px) 100vw, 400px\" \/>\t\t\t<\/a>\n\t\t\t\t\t\n\t\t\t\t\t<div class=\"caption\">\n\t\t\t\t<h3 class=\"entry-title\">Placement Test for Kindy (4-6 years old)<\/h3>\n\t\t\t\t\t\t\t\t<p class=\"ld_course_grid_button\"><a class=\"btn btn-primary\" role=\"button\" href=\"https:\/\/halosmart.edu.vn\/online\/courses\/placement-test-for-kindy-4-6-years-old\/\" rel=\"bookmark\">See more...<\/a><\/p>\n\t\t\t\t\t\t\t\t\t\t\t\t\t\t\t<p>\n<dd class=\"course_progress\" title='\n0 out of 1 steps completed'>\n\t<div class=\"course_progress_blue\" style='width: 0%;'>\n<\/dd>\n<\/p>\n\t\t\t\t\t\t\t\t\t\t\t\t<\/div><!-- .entry-header -->\n\t\t\t<\/article><!-- #post-## -->\n<\/div><!-- .ld_course_grid -->\n<div class=\"ld_course_grid col-sm-8 col-md-4 \">\n\t<article id=\"post-1591\" class=\" learndash-not-available learndash-incomplete thumbnail course post-1591 sfwd-courses type-sfwd-courses status-publish has-post-thumbnail hentry ld_course_category-placement-test\">\n\t\t\t\t\t\t\t\t<div class=\"ld_course_grid_price free\">\n\t\t\t\tFree\t\t\t<\/div>\n\t\t\t\n\t\t\t\t\t\t<a href=\"https:\/\/halosmart.edu.vn\/online\/courses\/ielts-placement-test\/\" rel=\"bookmark\">\n\t\t\t\t<img loading=\"lazy\" decoding=\"async\" width=\"400\" height=\"267\" src=\"https:\/\/halosmart.edu.vn\/online\/wp-content\/uploads\/2021\/03\/business-desk-document-1868015-400x267.jpg\" class=\"attachment-course-thumb size-course-thumb wp-post-image\" alt=\"business, desk, document\" srcset=\"https:\/\/halosmart.edu.vn\/online\/wp-content\/uploads\/2021\/03\/business-desk-document-1868015-400x267.jpg 400w, https:\/\/halosmart.edu.vn\/online\/wp-content\/uploads\/2021\/03\/business-desk-document-1868015-300x200.jpg 300w, https:\/\/halosmart.edu.vn\/online\/wp-content\/uploads\/2021\/03\/business-desk-document-1868015-1024x682.jpg 1024w, https:\/\/halosmart.edu.vn\/online\/wp-content\/uploads\/2021\/03\/business-desk-document-1868015-768x512.jpg 768w, https:\/\/halosmart.edu.vn\/online\/wp-content\/uploads\/2021\/03\/business-desk-document-1868015.jpg 1280w\" sizes=\"auto, (max-width: 400px) 100vw, 400px\" \/>\t\t\t<\/a>\n\t\t\t\t\t\n\t\t\t\t\t<div class=\"caption\">\n\t\t\t\t<h3 class=\"entry-title\">IELTS Placement Test<\/h3>\n\t\t\t\t\t\t\t\t<p class=\"ld_course_grid_button\"><a class=\"btn btn-primary\" role=\"button\" href=\"https:\/\/halosmart.edu.vn\/online\/courses\/ielts-placement-test\/\" rel=\"bookmark\">See more...<\/a><\/p>\n\t\t\t\t\t\t\t\t\t\t\t\t\t\t\t<p>\n<dd class=\"course_progress\" title='\n0 out of 1 steps completed'>\n\t<div class=\"course_progress_blue\" style='width: 0%;'>\n<\/dd>\n<\/p>\n\t\t\t\t\t\t\t\t\t\t\t\t<\/div><!-- .entry-header -->\n\t\t\t<\/article><!-- #post-## -->\n<\/div><!-- .ld_course_grid -->\n\t<\/div>\n\t\t\t<\/div>\n\t\t<br style='clear:both'><\/div><\/div>\n\t\t\t\t<\/div>\n\t\t\t\t<\/div>\n\t\t\t\t\t<\/div>\n\t\t<\/div>\n\t\t\t\t\t\t\t<\/div>\n\t\t<\/section>\n\t\t\t\t\t\t<\/div>\n\t\t\t\t\t<\/div>\n\t\t","protected":false},"excerpt":{"rendered":"<p>KI\u1ec2M TRA TR\u00ccNH \u0110\u1ed8 MI\u1ec4N PH\u00cd C\u00f3 k\u1ebft qu\u1ea3 ngay sau khi ho\u00e0n th\u00e0nh b\u00e0i \u0111\u00e1nh gi\u00e1 n\u0103ng l\u1ef1c. L\u00c0M B\u00c0I NGAY<\/p>\n","protected":false},"author":1,"featured_media":0,"parent":0,"menu_order":0,"comment_status":"closed","ping_status":"closed","template":"","meta":{"footnotes":""},"class_list":["post-18","page","type-page","status-publish","hentry"],"_links":{"self":[{"href":"https:\/\/halosmart.edu.vn\/online\/wp-json\/wp\/v2\/pages\/18","targetHints":{"allow":["GET"]}}],"collection":[{"href":"https:\/\/halosmart.edu.vn\/online\/wp-json\/wp\/v2\/pages"}],"about":[{"href":"https:\/\/halosmart.edu.vn\/online\/wp-json\/wp\/v2\/types\/page"}],"author":[{"embeddable":true,"href":"https:\/\/halosmart.edu.vn\/online\/wp-json\/wp\/v2\/users\/1"}],"replies":[{"embeddable":true,"href":"https:\/\/halosmart.edu.vn\/online\/wp-json\/wp\/v2\/comments?post=18"}],"version-history":[{"count":15,"href":"https:\/\/halosmart.edu.vn\/online\/wp-json\/wp\/v2\/pages\/18\/revisions"}],"predecessor-version":[{"id":1614,"href":"https:\/\/halosmart.edu.vn\/online\/wp-json\/wp\/v2\/pages\/18\/revisions\/1614"}],"wp:attachment":[{"href":"https:\/\/halosmart.edu.vn\/online\/wp-json\/wp\/v2\/media?parent=18"}],"curies":[{"name":"wp","href":"https:\/\/api.w.org\/{rel}","templated":true}]}}